 Let f(d) = 5*g(d) + 3*t(d). Give f(b).
11
Let s(y) = y**3 - y**2 + y. Suppose -6*u - 3*b = -3*u + 3, 13 = -u + 2*b. Let g be 42/30 - 3/u. What is s(g)?
6
Suppose 24 = -d + 4*l + 7, -5*l = 3*d. Let j(q) = 3*q - 7. Give j(d).
-22
Let w(g) = 2*g + 27. Suppose -2*q = -6*q - 140. Let j be (-7)/(q/15)*-5. Let m be w(j). Let n(s) = s**2 + 1. Calculate n(m).
10
Let b(o) = o - 3. Let u = -492 + 498. Calculate b(u).
3
Let z(h) = -h**3 + 11*h**2 + 11*h + 13. Let q be z(12). Let a = -3 - q. Let o(p) = 4*p + 4. Calculate o(a).
-12
Let u(m) = m**2 - m + 3. Let d be 136/22 - (-16)/(-88). Suppose 3*c - d = -0*l + l, 5*l = -5*c + 10. Let z = c - -1. Determine u(z).
9
Let d(v) be the third derivative of v**4/8 + 7*v**3/2 - 281*v**2. Determine d(-11).
-12
Let s(m) = -m**3 + m. Let y(d) = -2*d**3 + d - 7. Let b(i) = 3*s(i) - y(i). What is b(0)?
7
Let j(y) = -2*y - 32 + y - 32 - 35 + 104. Determine j(-13).
18
Let o(y) be the third derivative of -y**4/12 + 2*y**3 - 13*y**2 + 2*y. What is o(7)?
-2
Let w(m) = m**2 - 21*m - 13. Let o be (-29)/(522/(-468)) - (5 - 1). Determine w(o).
9
Let c(j) be the second derivative of -j**3/3 + 15*j**2/2 - 4*j - 3. What is c(5)?
5
Let r(k) = -7*k + 3. Suppose 21*i = 28*i - 28. What is r(i)?
-25
Let r(i) = -i**2 + i - 2. Let f(s) = -30*s - 28. Let x be f(-1). Let d(c) = -2*c**2 - 1 + 0 - 2 + 2*c. Let v(h) = x*d(h) - 3*r(h). Calculate v(-2).
-6
Let v(x) be the third derivative of -x**6/120 - x**5/10 + x**4/8 - 31*x**3/6 - 2*x**2. Let p be v(-7). Let u(w) = w**3 + 3*w**2 - 3*w. What is u(p)?
9
Let n = -16 + 17. Let b be (5/(20/12))/n. Let f = b - 1. Let d(h) = 2*h**3 - 3*h**2 + 2*h + 2. Give d(f).
10
Let r(j) be the first derivative of 5/2*j**2 + 1/3*j**3 + 10*j + 16. What is r(-7)?
24
Suppose 2498 - 2525 = -9*m. Let o(l) be the first derivative of -l**3/3 + l**2/2 + 1. Give o(m).
-6
Let v = -11/3 + 4. Let a(m) be the second derivative of -v*m**3 + 7*m + 0*m**2 + 0. Determine a(3).
-6
Let y(t) = 5*t + 98. Let u(i) = -i - 32. Let d(p) = 7*u(p) + 2*y(p). Calculate d(9).
-1
Let w(k) = -10*k - 17*k + 33*k - 9*k - 4. Determine w(5).
-19
Let c(f) = -12 - 4*f + 0*f + 5 - f. Give c(-1).
-2
Let b(x) be the first derivative of x**4/12 + x**2/2 - 11*x - 7. Let z(h) be the first derivative of b(h). Determine z(-2).
5
Let s(w) = -w**2 + 3. Let x be s(-2). Let k(r) = 12*r**3 - 7*r + 5. Let v(y) = 6*y**3 - 4*y + 3. Let t(q) = 3*k(q) - 5*v(q). Determine t(x).
-5
Let g = -4 - -1. Let s(h) = h - 9. Let z be s(11). Let w(d) = -53*d**2 - 2 + 5 + 52*d**z - d. Calculate w(g).
-3
Let n(f) = -5*f**2 - f. Let r = -28 - -31. Suppose 2*z + 2*x - 4 = 0, -r*z = -0*z - 3*x. Calculate n(z).
-6
Let r(l) = l**2 - 62 + 37 + 5*l + 25. Calculate r(-4).
-4
Suppose 8*x = 3*x. Let f(y) be the third derivative of y**6/360 - y**4/8 + 10*y**3/3 - 2*y**2 - 17*y. Let m(l) be the first derivative of f(l). Calculate m(x).
-3
Suppose 127*d - 396 = -5*d. Let r(p) be the third derivative of 0*p - 1/10*p**5 + 2*p**2 + 1/24*p**4 - 1/3*p**d + 0 + 1/120*p**6. Determine r(6).
4
Let j(g) be the third derivative of -2*g**6/15 - g**5/60 + g**4/24 + g**3/6 + 72*g**2. Determine j(-1).
15
Let s(i) = -45*i**2 + 16*i**2 + 28*i**2 + i. Give s(0).
0
Let o(p) = -2*p - 18. Let m be o(-13). Suppose 0 = -13*n + 5*n - m. Let u(a) = -8*a**3 - a - 1. Determine u(n).
8
Let l(n) = 3*n**2 + 10*n - 3. Let z(i) = -10*i**2 - 29*i + 9. Let o be (-1 + 6)*(-8)/(-20). Let s(j) = o*z(j) + 7*l(j). What is s(-12)?
-3
Let t(h) = 2*h**2 - h + 1. Let p(r) = 5*r**2 + 8*r + 4. Let y(i) = -p(i) + 3*t(i). What is y(13)?
25
Let t(g) = -78*g + 226*g + 6 - 71*g + 2*g**2 - 74*g. Let f(k) = k**3 + 9*k**2 + 14*k - 4. Let d be f(-7). What is t(d)?
26
Let x(o) be the third derivative of 0*o + 0*o**3 + 4*o**2 + 0 - 11/60*o**5 - 1/24*o**4. What is x(1)?
-12
Let r(d) be the first derivative of -3*d**2/2 + 3. Let g = -58 - -56. Determine r(g).
6
Let x(u) = 31*u - 3 + 2*u**3 - u**2 + 47*u - 75*u. Calculate x(3).
51
Let v(k) = -k. Let q(i) be the second derivative of -2*i**3/3 - 5*i**2/2 - 14*i. Let s(h) = -q(h) + 3*v(h). What is s(4)?
9
Let f = -13 - -13. Suppose -2*s - 2 - 4 = f. Let c(z) = z + 2. Calculate c(s).
-1
Let l(i) = 3*i - 17. Let j be l(9). Let r(o) = 10*o**3 + o**2 + 5*o - 15*o + j*o. Determine r(-1).
-9
Let i = 8 + 51. Let l = 59 - i. Let n(f) = f + 1. Calculate n(l).
1
Let t(y) = -6 + 41*y**3 + 2 + 6*y**2 + 0 - 42*y**3 - 2. Suppose w + 2*m + 33 = 4*w, -5*w - 3*m = -36. Let a = 15 - w. What is t(a)?
-6
Let j(w) = -1816*w - 2 - 1 + 1817*w + 3. Give j(-1).
-1
Suppose 0 = -5*f - 14*j + 17*j - 3, 2 = 3*f + 2*j. Let q(x) = -2*x + 59. Determine q(f).
59
Let d(t) be the second derivative of -7*t**5/20 + 2*t**4/3 - t**3/6 - 33*t. Let l(k) = -20*k**3 + 24*k**2 - 4*k - 1. Let h(z) = -17*d(z) + 6*l(z). Give h(7).
-6
Let a(t) be the third derivative of -t**6/180 - t**5/30 - t**3/6 - 7*t**2. Let n(w) be the first derivative of a(w). Suppose 11*d + 15 = 6*d. Give n(d).
-6
Let h(s) be the first derivative of s**4/4 - 3*s**3 + 4*s**2 - 10*s + 187. Give h(8).
-10
Let o(v) = -3*v + 4. Let m(z) = 2*z + 1. Let h(w) = 3*w - 19. Let k(y) = h(y) - 2*m(y). Let u be k(-23). Calculate o(u).
-2
Let x(k) = 5*k - 1. Let p(t) = -t. Let u(y) = 2*p(y) - x(y). Let v(r) = -r - 12. Let a be v(-13). Let f be -4 - a*(0 + -3). Determine u(f).
8
Let g(a) = -5*a - 3 + 25*a - 5*a - 10*a - 3*a. Give g(-5).
-13
Let b(g) = -2*g - 1. Let n = -13 - -13. Suppose n = -5*f - 6 - 129. Let u = -26 - f. Give b(u).
-3
Suppose -18 = -7*y - 25. Let a(c) be the third derivative of c**6/120 + c**4/24 - c**2. Determine a(y).
-2
Let f(l) = l**2 + 7*l + 10. Suppose -3*d - 3*j = 18, 0*d = 4*d - 4*j. Give f(d).
-2
Let v(f) = -8*f**2 + 1. Suppose l + 2 - 4 = 0. Suppose 5*p + 3*a = -1, 3*p = 2*a + l*a + 11. What is v(p)?
-7
Let g(t) = -t**3 - 5*t**2 + 4*t - 6. Let m(o) = 2*o + 10. Suppose 3*z + 18 + 48 = 0. Let w = 14 + z. Let v be m(w). Give g(v).
6
Suppose 2*w - 162 = -2*y - y, w = 4*y + 59. Suppose -24 = w*p - 79*p. Let h(g) = -g + 3. Determine h(p).
-3
Let y(r) be the second derivative of -r**3/2 + 5*r**2/2 - 3*r - 23. What is y(-4)?
17
Let y(t) = 2*t**2 - 9*t - 10. Suppose 5*o - 17 = 5*g + 18, 0 = 5*g - 5. Determine y(o).
46
Let d(z) = 6*z + z**3 - 6*z**2 + z**3 + 2*z**3 - 3*z**3. Let b be d(5). Let x(w) = -w**3 + 6*w**2 - 3*w + 6. What is x(b)?
16
Let a(k) = 17*k + 189 - 32*k + 16*k - 192. Calculate a(-1).
-4
Let j be (-2)/4*(-2 - 2). Suppose -3*o - 13 = -5*o - 5*k, 1 = k. Let c(p) = -p**3 + o*p**j - 5*p + 3 + 0*p**3 + 0 + p**2. Calculate c(3).
6
Let d be 2 - -3 - (-2)/4*-2. Let z(k) = 2*k**2 - 4*k. Give z(d).
16
Suppose 4*h + 46*u = 48*u - 42, 0 = 2*h - 3*u + 11. Let b(i) = -i**2 - 11*i + 11. Give b(h).
-15
Let k = -5 + 10. Suppose 0 = 5*o - 5*s + 25, -2*o - 4*s + 19 = -k*o. Let d(t) = -4*t - 1. Give d(o).
3
Let d(x) = -4*x + 42. Let u be d(10). Suppose -u*q - 4 = -q. Let v(c) = c - 1. Let g(b) = b - 5. Let m(a) = -g(a) + 5*v(a). Give m(q).
-16
Let n(y) be the second derivative of 31*y - 1/3*y**4 - 1/6*y**3 + 1/20*y**5 - 5/2*y**2 + 0. Let l be (-3 - -2)*4*-1. Give n(l).
-9
Let m(q) = -25*q + 5. Let n(a) = 21*a - 4. Let p(t) = -5*m(t) - 6*n(t). Give p(1).
-2
Let v(y) be the third derivative of 1/8*y**4 + 2 - 1/6*y**3 + 11*y**2 + 1/120*y**6 - 1/20*y**5 + 0*y. Give v(3).
8
Let d = -56 - -51. Let b(p) be the third derivative of p**4/12 + 7*p**3/6 + 6*p**2. What is b(d)?
-3
Let z be (-9)/6*-1 - 1/(-2). Suppose 0 = 3*l + 3*p - 24, z*l + 0*l + p - 12 = 0. Let k(x) = x**2 - 5*x + 6. What is k(l)?
2
Let u(m) = 2*m - 6. Suppose -l + 4*j + 23 = 0, 10*l = 13*l - j - 25. Calculate u(l).
8
Suppose -5 = -3*r + 13. Suppose -j + 4 - r = 0. Let w(b) be the third derivative of -b**6/120 - b**5/20 - b**4/12 - b**3/6 + 7*b**2. Calculate w(j).
-1
Let v(n) = n + 15. Let k = -35 + 15. Calculate v(k).
-5
Let u(n) = n - 11. Let g be u(6). Let x(j) = -4*j**2 - 6*j - 7. Let l(z) = -z**2. Let i(b) = 3*l(b) - x(b). Calculate i(g).
2
Let s(o) = o**3 + 3*o**2 + o. Let p be s(-2). Suppose -4*z = 62 - p. Let v = 11 + z. Let r(i) = -i**2 - 4*i + 5. Determine r(v).
5
Let b(y) be the third derivative of y**8/6720 - y**7/360 + y**6/180 + y**5/120 - y**4/2 - 24*y**2. Let p(r) be the second derivative of b(r). Give p(6).
-11
Let k = -2 - -3. Let c(t) = t - k + 4 + 0. Let i = 125 + -128. Calculate c(i).
0
Let t(p)